 common factor of f and a?
1
Let x(s) = 6*s**2 + 6*s + 185. Let k(h) = 5*h**2 + 5*h + 184. Let l(v) = 5*k(v) - 4*x(v). Let c be l(0). Calculate the greatest common divisor of c and 18.
18
Suppose -4*m - 4*y + 416 = 0, 2*m = -0*m + y + 214. What is the greatest common divisor of m and 265?
53
Let p(h) = h**3 + 7*h**2 - 3*h - 12. Let m be p(-6). Calculate the highest common factor of 378 and m.
42
Suppose 1 = -4*i + 37. Let t be (-11)/(-3) + 3/i. Suppose 2*z = t*z - 16. What is the highest common divisor of z and 40?
8
Suppose 0 = 3*g - 18 - 96. What is the highest common divisor of 57 and g?
19
Suppose -5*x + 4 = -6. Suppose -x*h = 3*h - 750. Calculate the greatest common divisor of 25 and h.
25
Suppose 0 = -3*h - 5*c + 311, -38 - 181 = -2*h - c. Calculate the greatest common divisor of h and 16.
16
Let v = 2 - 1. Suppose -3*n + p = -7, 0*n + 4*n = -2*p + 6. Let k be (-7)/14 - (-17)/n. What is the greatest common divisor of v and k?
1
Let d be (-1)/3 + (-68)/3. Suppose -2*w + 3*f = -5*w - 48, -5*w + f - 62 = 0. Let g = w - d. What is the highest common divisor of 4 and g?
2
Suppose 0 = g + 9 + 14. Let k = -11 - g. Let h be (k - 4)/((-1)/(-1)). What is the highest common divisor of 8 and h?
8
Suppose 4*s - 2 = g, -2*g - 22 = -6*g + s. Calculate the highest common factor of 102 and g.
6
Suppose -5*a = -231 - 69. What is the greatest common factor of a and 20?
20
Let h(k) = -2*k**3 - 4*k**2 - 3*k - 6. Let q be h(-4). Suppose -q = -0*o + 2*o. Let i = o - -65. Calculate the greatest common factor of i and 15.
15
Suppose 5*n - 38 - 2 = -3*z, -5 = -2*n + z. What is the greatest common factor of n and 1?
1
Let q(t) = -t**2 + t. Let y(l) = 12*l**2 - 9*l. Let f(v) = 18*q(v) + 2*y(v). Let h be f(-1). What is the highest common factor of h and 12?
6
Let z(a) = 4*a + 4. Let v be z(6). Let n be -2 + 0 + (-12)/(-2). Suppose 5*j = 2*i - 23, -n*i + j = 3*j - 58. Calculate the greatest common factor of i and v.
14
Suppose 11 + 9 = 5*b. Suppose b*t - 92 = g, t - 5*g - 38 = 4. Let m be (-1 - 10)*(-1)/1. What is the highest common divisor of t and m?
11
Suppose -9*u = -4*u - 855. What is the greatest common divisor of u and 19?
19
Let t = -24 - -52. Let s = 4 + -11. Let g(w) = -w**3 - 5*w**2 + 5*w + 7. Let v be g(s). Calculate the highest common factor of v and t.
14
Let j(p) be the second derivative of p**5/20 - p**4/12 - p**3/2 + 5*p. Let h be j(3). Let m be (-1 - -1)/2 + 27. What is the greatest common factor of m and h?
9
Let n be (-22)/(-33) - 13/(-3). Suppose -4*i = l - 28, -n*l + 4*i = 2*i - 30. What is the greatest common divisor of l and 72?
8
Let k(q) be the second derivative of -q**5/20 - 7*q**4/6 - 2*q**3/3 - 7*q**2 + 5*q. Let r be k(-14). What is the greatest common divisor of r and 6?
6
Suppose 0 = -28*z + 31*z - 216. What is the highest common divisor of 18 and z?
18
Suppose 0 = -4*o + 12 - 0. Suppose o*v - 49 - 20 = 0. Calculate the highest common divisor of v and 161.
23
Suppose 6*w - 3*w - 54 = 0. What is the highest common factor of w and 12?
6
Let l(r) = -3*r - 5. Let y(a) = a**3 - 7*a**2 - 10*a + 12. Let d be y(8). Let h be l(d). What is the greatest common factor of h and 1?
1
Suppose 11*s + 16*s = 2025. Calculate the highest common factor of s and 50.
25
Let a(r) = -r + 1. Let y(s) = s**2 - 4*s - 11. Let z(m) = -5*a(m) - y(m). Let n be z(9). What is the greatest common factor of n and 24?
6
Let y(w) = -5*w**3 - 8*w - 1. Let q(r) = -9*r**3 - r**2 - 15*r - 1. Let l(s) = 6*q(s) - 11*y(s). Let u be l(7). Calculate the greatest common factor of 4 and u.
4
Let r be (-2)/4 - 81/6. Let b be 426/21 + 4/r. Let k be (-2)/9 + 272/9. Calculate the highest common factor of b and k.
10
Suppose 5*i + 20 = 0, 3*j - 4*i - 5 = 17. Suppose p - 2 - 56 = 0. Suppose 5*k - 4*d - 71 = -d, 0 = 4*k - 2*d - p. What is the greatest common factor of j and k?
2
Let y be -10*(3/(-2))/3. Let o(z) = -z**2 + 8*z - 3. Let j be o(y). Suppose 3*q + 36 = 6*q. Calculate the highest common factor of j and q.
12
Suppose -5*p + 1224 = -2*l + 347, 2*l = -5*p + 873. Let m be 2/3 - 219/(-9). Calculate the highest common divisor of m and p.
25
Suppose 4*c + 2*s = 120, -2*c + 4*s - 60 = -4*c. Calculate the greatest common factor of 6 and c.
6
Let g = 18 - 11. Let j = g - -2. Calculate the highest common factor of 27 and j.
9
Let f(p) = -p - 5. Let v be f(-4). Let x be 3 + v/(2/(-10)). What is the greatest common divisor of x and 4?
4
Let t(m) = -2 + 11 + 5*m**2 - 4*m - 3*m**2 - 3*m**2. Let u be t(-5). What is the greatest common factor of u and 24?
4
Let v be 2*(-21)/(-12)*2. Let j be v/2 - (-24)/(-16). What is the highest common divisor of j and 2?
2
Let i(y) = 5*y**2 + 8*y - 11. Let f be i(5). Calculate the highest common factor of f and 14.
14
Let c(f) = 16*f**2 + 1. Let q be c(2). Calculate the greatest common factor of 26 and q.
13
Suppose 4*p - 94 = 5*g - 0*g, 5*p - 2*g - 109 = 0. Let j = -141 + 204. Calculate the greatest common divisor of p and j.
21
Let q(l) = -l**3 + 5*l**2 - 2*l - 4. Let v be q(4). Calculate the greatest common factor of 6 and v.
2
Suppose 0 = -0*m - 2*m + 20. Suppose -383 + 101 = -2*j. Let g = j + -101. What is the greatest common divisor of m and g?
10
Suppose 0 = r - 2*y - 3 + 1, 2*r + 2*y = 10. Suppose v + r*v = 135. Let z be (-112)/(-6) + (-2)/3. What is the highest common divisor of v and z?
9
Suppose 80 = 11*a - 7*a. Suppose 0 = 4*t - t - 300. What is the greatest common factor of t and a?
20
Let p(k) = 2*k**2 - 5*k - 3. Let q be p(5). Calculate the highest common factor of q and 2.
2
Let v(s) = 6*s**2 - 5*s + 3. Let p be v(3). Suppose 7*d = -10 + 24. Suppose -t - d*t = -15, -t = o - 33. Calculate the highest common divisor of p and o.
14
Let i(r) = r**2 - 7*r + 2. Let t be i(8). Suppose h - 48 = -3*g + 217, -2*g + 3*h + 195 = 0. Let o = g - t. What is the greatest common divisor of o and 10?
10
Let k = 78 - 53. Calculate the greatest common divisor of 15 and k.
5
Suppose -2*c = 4 - 28. Calculate the highest common factor of 3 and c.
3
Let f = 111 - 100. What is the highest common divisor of f and 121?
11
Let c = -69 + 105. Calculate the greatest common divisor of 24 and c.
12
Let k be 6/21 - (-103)/7. Let r be (1 - (1 - -5))*-1. What is the greatest common factor of k and r?
5
Let t = -3 + 19. What is the greatest common factor of t and 16?
16
Suppose 41*r = 35*r + 72. What is the highest common divisor of r and 42?
6
Let x = -17 + 25. Calculate the highest common factor of x and 24.
8
Let m = -102 - -104. What is the greatest common factor of 4 and m?
2
Suppose 2 = 11*i - 10*i. Suppose 2*n - a + 3 = 0, -4*n + a - 2*a = -9. What is the greatest common factor of n and i?
1
Let x = 79 - 51. Suppose -3*h = h + 2*a - 30, -4*h - 4*a + x = 0. Calculate the highest common divisor of h and 4.
4
Let i be ((-63)/12)/((-15)/40). Calculate the greatest common divisor of i and 28.
14
Let f(r) = 7*r + r**2 - 1 - 4 + 0*r. Suppose -31 - 14 = 5*p. Let b be f(p). Calculate the highest common factor of b and 65.
13
Let z be (-1851)/(-4) - (-4)/16. Suppose -b = -5*n + 479, 0 = -n - 4*n - 3*b + z. What is the greatest common factor of n and 19?
19
Suppose -3 = 5*n + 2. Let w(p) = 15*p**2 - 1. Let k be w(n). What is the greatest common divisor of 14 and k?
14
Let q(l) = l**2 - 6*l + 11. Let v be q(7). Let t(z) = -22*z + 1. Let p = -2 + 0. Let h be t(p). What is the highest common factor of v and h?
9
Let h = 1 - -1. Suppose -4*j = h - 6. Let k be (j - -1)/(4/14). Calculate the greatest common factor of k and 56.
7
Suppose 6*r = 2*r + 32. What is the highest common factor of r and 32?
8
Let n = -41 + 128. Let w = n + 8. Calculate the greatest common factor of 38 and w.
19
Let j be 4/(-6) - (-33)/9. Let p = j - 2. Let s = 5 + -3. What is the highest common factor of p and s?
1
Let d be 2/6 - (-13)/(-3). Let f = 10 + d. Suppose -f*l + l + 15 = 0. What is the highest common factor of 2 and l?
1
Let l be 1/(-7) + (-2)/(-14). Suppose 2*h + h + 2*i - 20 = l, 10 = -2*i. Calculate the greatest common divisor of 30 and h.
10
Let f(a) = a**2 + a. Let d be f(2). Let v = 13 - d. Suppose v*u = 3*u + 20. What is the greatest common factor of u and 10?
5
Let f(u) = -u**3 - 3*u**2 + 6*u - 5. Let w be (-5)/(-4*3/(-12)). Let o be f(w). Calculate the highest common factor of o and 105.
15
L